{"id":24192,"date":"2020-06-08T14:41:54","date_gmt":"2020-06-08T12:41:54","guid":{"rendered":"https:\/\/www.kaspersky.de\/blog\/?page_id=24192"},"modified":"2022-05-05T18:05:40","modified_gmt":"2022-05-05T16:05:40","slug":"love-and-loneliness","status":"publish","type":"page","link":"https:\/\/www.kaspersky.de\/blog\/love-and-loneliness\/","title":{"rendered":"Liebe und Einsamkeit \u2013 Eine wachsende Pandemie?"},"content":{"rendered":"<p>Lockdown \u2013 Anfang des Jahres hatte ein Gro\u00dfteil der Welt noch nichts von diesem Ausdruck geh\u00f6rt; doch schnell wurden Einschr\u00e4nkungen des \u00f6ffentlichen Lebens f\u00fcr uns alle zur neuen Normalit\u00e4t. Mittlerweile wurde die Ausgangssperre in vielen Teilen der Welt bereits ganz aufgehoben \u2013 oder zumindest gr\u00f6\u00dftenteils gelockert. Es lohnt sich, einen Blick darauf zu werfen, wie sich diese Pandemie auf unsere psychische Gesundheit ausgewirkt hat und welche Rolle die Technologie f\u00fcr unseren Zusammenhalt dabei gespielt hat.<\/p>\n<p>Es w\u00e4chst die Sorge, dass diejenigen, die mit wenig bis gar keiner sozialen Interaktion in ihren 4 W\u00e4nden festsitzen, leiden, solange der Lockdown fortbesteht. Tats\u00e4chlich zeigen neue <a href=\"https:\/\/media.kasperskydaily.com\/wp-content\/uploads\/sites\/86\/2020\/06\/09142852\/KAS0739-Kaspersky-Find-your-tribe-report-v3.pdf\" target=\"_blank\" rel=\"noopener noreferrer\">Untersuchungen<\/a> von Kaspersky, dass das Problem der Einsamkeit nicht aus dem Nichts aufgetaucht ist: <a href=\"https:\/\/media.kasperskydaily.com\/wp-content\/uploads\/sites\/86\/2020\/06\/19105123\/KL_Infografik-Find-your-Tribe-GER_final_1_opt.pdf\" target=\"_blank\" rel=\"noopener noreferrer\">41 % der befragten Deutschen<\/a> waren bereits einsam, noch bevor der Lockdown begann.<\/p>\n<p><a href=\"https:\/\/media.kasperskydaily.com\/wp-content\/uploads\/sites\/96\/2020\/06\/08143841\/love-and-loneliness-2.jpg\"><img loading=\"lazy\" decoding=\"async\" class=\"aligncenter size-full wp-image-24194\" src=\"https:\/\/media.kasperskydaily.com\/wp-content\/uploads\/sites\/96\/2020\/06\/08143841\/love-and-loneliness-2.jpg\" alt=\"Die COVID-19-Pandemie hat der Einsamkeit eine Stimme verliehen mit der viele Europ\u00e4er w\u00e4hrend des Lockdowns zu k\u00e4mpfen haben. Wird eine Lockerung der Einschr\u00e4nkungen das Gef\u00fchl der Einsamkeit lindern?\" width=\"1140\" height=\"1206\"><\/a><\/p>\n<p>Eine weitere \u00dcberraschung ist, dass die Generation Z trotz ihres nat\u00fcrlichen Technologie-Gesp\u00fcrs tats\u00e4chlich am meisten gelitten hat: Fast 70 % gaben zu, sich w\u00e4hrend des Lockdowns einsam zu f\u00fchlen, im Vergleich zu nur 37 % der Babyboomer-Generation.<\/p>\n<p><a href=\"https:\/\/media.kasperskydaily.com\/wp-content\/uploads\/sites\/96\/2020\/06\/08143836\/love-and-loneliness-1.jpg\"><img loading=\"lazy\" decoding=\"async\" class=\"aligncenter size-full wp-image-24193\" src=\"https:\/\/media.kasperskydaily.com\/wp-content\/uploads\/sites\/96\/2020\/06\/08143836\/love-and-loneliness-1.jpg\" alt=\"Ein besorgniserregendes Wachstum der Einsamkeit\" width=\"1200\" height=\"630\"><\/a>Was k\u00f6nnen Menschen also tun, um mit ihren Angeh\u00f6rigen in Verbindung zu bleiben? Technologie ist nach wie vor der Schl\u00fcssel: Wir k\u00f6nnen uns gl\u00fccklich sch\u00e4tzen, in einer Zeit zu leben, in der zahlreiche Kommunikationstechnologien kostenlos und leicht verf\u00fcgbar sind. Aus demselben Grund ist es aber auch wichtiger denn je, dass wir unsere Sicherheit ber\u00fccksichtigen und lernen, diese Technologien sicher zu nutzen. Wir haben einige gro\u00dfartige Tipps, wie Sie auch <a href=\"https:\/\/www.kaspersky.de\/blog\/coronavirus-digital-survivor-guide\/23678\/\" target=\"_blank\" rel=\"noopener noreferrer\">getrennt voneinander sicher bleiben<\/a> und <a href=\"https:\/\/www.kaspersky.de\/blog\/smartphone-physical-cleaning\/23494\/\" target=\"_blank\" rel=\"noopener noreferrer\">wie Sie Ihre Ger\u00e4te frei von Viren &amp; Co. halten<\/a>.<\/p>\n","protected":false},"excerpt":{"rendered":"<p>Lockdown \u2013 Anfang des Jahres hatte ein Gro\u00dfteil der Welt noch nichts von diesem Ausdruck geh\u00f6rt; doch schnell wurden Einschr\u00e4nkungen des \u00f6ffentlichen Lebens f\u00fcr uns alle zur neuen Normalit\u00e4t. Mittlerweile<\/p>\n","protected":false},"author":2706,"featured_media":24193,"parent":0,"menu_order":0,"comment_status":"closed","ping_status":"closed","template":"","meta":{"_acf_changed":false,"footnotes":""},"categories":[],"class_list":["post-24192","page","type-page","status-publish","has-post-thumbnail"],"hreflang":[{"hreflang":"de","url":"https:\/\/www.kaspersky.de\/blog\/love-and-loneliness\/"},{"hreflang":"en-gb","url":"https:\/\/www.kaspersky.co.uk\/blog\/love-and-loneliness\/"},{"hreflang":"es","url":"https:\/\/www.kaspersky.es\/blog\/love-and-loneliness\/"},{"hreflang":"it","url":"https:\/\/www.kaspersky.it\/blog\/love-and-loneliness\/"},{"hreflang":"fr","url":"https:\/\/www.kaspersky.fr\/blog\/love-and-loneliness\/"}],"acf":[],"banners":"","is_landing":true,"_links":{"self":[{"href":"https:\/\/www.kaspersky.de\/blog\/wp-json\/wp\/v2\/pages\/24192","targetHints":{"allow":["GET"]}}],"collection":[{"href":"https:\/\/www.kaspersky.de\/blog\/wp-json\/wp\/v2\/pages"}],"about":[{"href":"https:\/\/www.kaspersky.de\/blog\/wp-json\/wp\/v2\/types\/page"}],"author":[{"embeddable":true,"href":"https:\/\/www.kaspersky.de\/blog\/wp-json\/wp\/v2\/users\/2706"}],"replies":[{"embeddable":true,"href":"https:\/\/www.kaspersky.de\/blog\/wp-json\/wp\/v2\/comments?post=24192"}],"version-history":[{"count":6,"href":"https:\/\/www.kaspersky.de\/blog\/wp-json\/wp\/v2\/pages\/24192\/revisions"}],"predecessor-version":[{"id":24324,"href":"https:\/\/www.kaspersky.de\/blog\/wp-json\/wp\/v2\/pages\/24192\/revisions\/24324"}],"wp:featuredmedia":[{"embeddable":true,"href":"https:\/\/www.kaspersky.de\/blog\/wp-json\/wp\/v2\/media\/24193"}],"wp:attachment":[{"href":"https:\/\/www.kaspersky.de\/blog\/wp-json\/wp\/v2\/media?parent=24192"}],"wp:term":[{"taxonomy":"category","embeddable":true,"href":"https:\/\/www.kaspersky.de\/blog\/wp-json\/wp\/v2\/categories?post=24192"}],"curies":[{"name":"wp","href":"https:\/\/api.w.org\/{rel}","templated":true}]}}